 31090607. Give h(5).
-17
Let l(s) = -1419*s + 3895. Calculate l(3).
-362
Let y(i) = 5*i**3 - 190*i**2 - 229*i + 1315. Determine y(39).
-11
Let t(k) = -k**3 - 14*k**2 - 81*k - 1089. Determine t(-14).
45
Let u(o) = -o**3 - 7*o**2 + 673*o + 1351. Determine u(-2).
-15
Let m(t) = -90*t**2 - 201*t + 446. Calculate m(2).
-316
Let p(l) = -4*l**2 - 704*l + 6722. Calculate p(-185).
62
Let y(c) = -743*c - 466. Determine y(-1).
277
Let l(n) = 2*n**3 + 47*n**2 - 1365*n - 21273. What is l(-13)?
21
Let r(l) = -3*l**3 + 4*l**2 + 664*l + 2436. What is r(-4)?
36
Let i(y) = -156*y**2 + 4849*y - 420. Determine i(31).
-17
Let w(f) = f**3 - 252*f**2 - 981*f - 11018. Give w(256).
-10
Let t(u) = 67*u**2 + 92352*u - 92350. Determine t(1).
69
Let c(x) = -26*x**3 - 158*x**2 - 525*x - 3074. What is c(-6)?
4
Let g(q) = -42*q**2 - 1350*q - 1468. What is g(-31)?
20
Let k(y) = -y**2 - 27693*y + 665213. Determine k(24).
5
Let h(x) = -3*x**3 - 392*x**2 - 247*x + 1760. What is h(-130)?
70
Let r(b) = -3*b**3 + 3*b**2 - b + 113. Calculate r(7).
-776
Let y(m) = -22592*m - 293700. Give y(-13).
-4
Let h(s) = 1019610*s + 12235251. Give h(-12).
-69
Let o(i) = 5*i**2 + 97*i - 1029. Give o(9).
249
Let j(c) = -254*c**2 + 691*c + 73. Give j(7).
-7536
Let x(q) = 2*q**3 + 327*q**2 - 20050*q - 1035. Determine x(-211).
20
Let l(j) = j**3 - 11*j**2 - 31*j + 56. What is l(-4)?
-60
Let o(v) = -30*v**2 + 551*v - 1101. Calculate o(2).
-119
Let y(s) = -58*s - 2093. Give y(-34).
-121
Let t(w) = 21*w**2 - 57*w - 52. Calculate t(-3).
308
Let q(m) = -2758*m + 96500. What is q(35)?
-30
Let z(q) = 17289*q + 51847. Give z(-3).
-20
Let r(s) = 3*s**3 - 20*s**2 - 3*s + 1333. What is r(0)?
1333
Let p(h) = -12273*h + 12281. Determine p(1).
8
Let l(n) = -309*n**2 - 553*n - 4. What is l(-3)?
-1126
Let j(o) = 497*o + 1292. What is j(2)?
2286
Let w(u) = -1920*u + 13355. Give w(7).
-85
Let k(g) = 4*g**2 - 24*g - 4608. Calculate k(40).
832
Let p(g) = -g**3 - 35*g**2 - 14*g + 629. Calculate p(-34).
-51
Let x(l) = 2*l**3 - 38*l**2 - 19*l + 702. Determine x(19).
341
Let y(g) = -2126*g + 543889. Determine y(256).
-367
Let r(w) = -45135*w - 722157. What is r(-16)?
3
Let i(l) = -15*l**3 - 7635*l**2 + 138*l + 70241. Calculate i(-509).
-1
Let n(v) = -v**3 - 466*v**2 - 927*v + 433. What is n(-464)?
-31
Let f(n) = -n**2 - 109099*n + 9280636. What is f(85)?
-4
Let c(r) = -53031*r + 2492466. What is c(47)?
9
Let m(k) = -k**3 + 89*k**2 - 335*k - 16. What is m(4)?
4
Let w(h) = 4*h**2 - 426*h + 1444. What is w(103)?
2
Let f(v) = -v**3 - 48*v**2 - 113*v - 3990. Give f(-47).
-888
Let t(p) = 3*p**3 + 8*p**2 - 19*p - 30. Determine t(3).
66
Let w(n) = 2982*n + 19518. Calculate w(-7).
-1356
Let k(x) = -666*x - 77931. Give k(-117).
-9
Let h(s) = 8796*s + 87698. Give h(-10).
-262
Let t(p) = 778*p - 15283. Determine t(19).
-501
Let c(m) = 8*m**3 - 42*m**2 - 26*m + 49. What is c(6)?
109
Let k(w) = w**3 + 10*w**2 - 1806*w - 19739. Determine k(-11).
6
Let i(z) = 46892*z - 187527. Give i(4).
41
Let y(k) = -48928*k + 13895544. Give y(284).
-8
Let g(v) = 517*v + 51682. Calculate g(-100).
-18
Let v(n) = 2*n**3 - 812*n**2 + 9464*n - 3140. Calculate v(394).
12
Let q(w) = 3071*w - 801566. Give q(261).
-35
Let a(m) = -196*m - 10305. Determine a(-53).
83
Let o(b) = 3*b**3 - 1181*b**2 + 1961*b - 368. What is o(392)?
24
Let h(a) = 4*a**3 - 24*a**2 + 107*a - 1237. Give h(12).
3503
Let p(s) = 6573*s + 21315. Calculate p(-3).
1596
Let c(o) = 3*o**3 + 35*o**2 - 930*o - 271. Determine c(13).
145
Let a(q) = -79027*q - 474159. Give a(-6).
3
Let r(u) = -9*u + 77. Determine r(14).
-49
Let w(o) = o**3 - 1157*o**2 - 1177*o - 20. Give w(-1).
-1
Let z(m) = 8977*m + 906692. Determine z(-101).
15
Let q(o) = 3*o**2 - 642*o + 22938. What is q(46)?
-246
Let d(v) = 3*v**3 + 110*v**2 + 721*v - 5117. Determine d(-23).
-11
Let n(w) = -14*w**3 + 223*w**2 - 230*w + 580. Determine n(15).
55
Let b(d) = 41*d**2 - 18521*d - 4964. What is b(452)?
8
Let c(h) = 5058*h - 131519. Calculate c(26).
-11
Let j(z) = -2*z**3 - 700*z**2 + 767*z + 22825. What is j(-351)?
10
Let g(i) = -i**3 - 1777*i**2 - 22932*i + 9. Give g(-13).
9
Let f(x) = -47034*x + 46318. Give f(1).
-716
Let b(r) = 3767*r + 753384. What is b(-200)?
-16
Let i(a) = 49*a**2 - 14*a - 152. Calculate i(-3).
331
Let u(h) = 8856*h + 53242. What is u(-6)?
106
Let w(j) = -1446*j**3 + 1446*j**2 - 3. Determine w(1).
-3
Let s(z) = z**3 - 177*z**2 - 23671*z - 699. Give s(266).
99
Let m(w) = -3*w**2 - 236*w - 1824. Calculate m(-8).
-128
Let q(u) = 182*u - 17255. Determine q(94).
-147
Let d(s) = -s**2 - 14789*s + 73964. Give d(5).
-6
Let j(s) = 14*s**2 - 565*s + 4377. Determine j(30).
27
Let h(z) = -17207*z - 429957. Calculate h(-25).
218
Let v(o) = -2*o**3 - 453*o**2 + 1170*o + 5807. What is v(-229)?
82
Let z(i) = 304*i**2 + 46608*i + 14695. What is z(-153)?
7
Let g(a) = -374043*a + 748083. Calculate g(2).
-3
Let f(h) = -44920*h**2 + 2201079*h + 48. What is f(49)?
-1
Let v(h) = 4251*h + 1640883. Determine v(-386).
-3
Let g(n) = -8*n**3 - 2437*n**2 + 912*n - 780. Give g(-305).
135
Let i(v) = 3*v**2 - 2743660*v - 2743659. Give i(-1).
4
Let r(g) = -7*g + 814. Determine r(125).
-61
Let a(g) = g**3 - 119*g**2 + 2839*g - 80. Determine a(86).
6
Let h(j) = j**3 + 135*j**2 - 354*j + 9490. Determine h(-138).
1210
Let k(w) = -14*w**3 - 97*w**2 - 68. Calculate k(-7).
-19
Let q(r) = -90*r - 5352. Determine q(-46).
-1212
Let l(n) = -3*n**2 - 29213*n + 263103. Determine l(9).
-57
Let f(d) = -105*d**2 + 13089*d + 4490. Give f(125).
-10
Let z(j) = 1563*j - 64118. Calculate z(41).
-35
Let j(k) = -212*k + 9472. What is j(45)?
-68
Let x(s) = 5139*s - 30827. Determine x(6).
7
Let w(j) = 30*j**2 - 359*j - 734. Determine w(-2).
104
Let l(a) = 8*a**2 - 384*a + 3048. What is l(10)?
8
Let m(x) = -154*x**2 - 141*x - 136. Determine m(-2).
-470
Let s(x) = -43*x**3 + 83*x**2 + 19*x - 8. Determine s(2).
18
Let h(v) = 1288*v + 267870. Calculate h(-208).
-34
Let k(i) = 22*i**2 + 9106*i + 18211. What is k(-2)?
87
Let q(n) = 3817*n**2 + 7610*n - 29. Determine q(-2).
19
Let y(s) = -1137*s + 848195. What is y(746)?
-7
Let m(q) = -3568*q + 3054216. What is m(856)?
8
Let b(l) = 63*l + 5982. Determine b(-102).
-444
Let s(j) = 2*j**3 + 19*j**2 - 280*j - 9. What is s(8)?
-9
Let b(s) = s**2 - 32617*s - 848694. What is b(-26)?
24
Let t(n) = n**2 - 15303*n + 183470. Determine t(12).
-22
Let b(t) = 4605244*t - 41447201. What is b(9)?
-5
Let z(q) = -q**3 + 152*q**2 + 872*q + 12006. What is z(158)?
-2
Let f(q) = -635954*q + 3815729. Calculate f(6).
5
Let t(v) = 1395*v - 1263. Calculate t(1).
132
Let q(n) = -n**3 - 66*n**2 - 195*n + 154. Calculate q(-63).
532
Let c(h) = h**2 + 397763*h - 2386599. Determine c(6).
15
Let g(o) = 8*o**3 + 1429*o**2 + 886*o - 678. What is g(-178)?
34
Let n(r) = 42*r**2 - 79*r + 24. What is n(-4)?
1012
Let a(l) = 116*l + 14754. Determine a(-130).
-326
Let j(l) = -13269*l - 14326. Calculate j(-1).
-1057
Let v(b) = -2*b**3 - 90*b**2 - 93*b - 4454. Calculate v(-45).
-269
Let j(x) = -x**3 - 29*x**2 + 23*x - 89. What is j(-31)?
1120
Let b(q) = 2*q**3 - 632*q**2 + 17651*q + 530. Give b(31).
-59
Let u(g) = 17*g**3 + 3479*g**2 + 2259*g + 3065. Give u(-204).
5
Let y(d) = -310*d**2 - 5*d - 3. Determine y(1).
-318
Let m(g) = -4567*g - 63943. Give m(-14).
-5
Let t(o) = -28*o**3 + 511*o**2 - 247*o + 2185. Determine t(18).
7
Let t(g) = 30*g**2 + 403*g - 40. Give t(-8).
-1344
Let x(b) = -4*b**3 + 112*b**2 - 482*b + 372. Calculate x(1).
-2
Let j(x) = 155673*x - 1089706. Calculate j(7).
5
Let g(l) = 2*l**3 + 101*l**2 + 434*l + 684. Calculate g(-46).
-236
Let x(b) = -2*b**3 + 11*b**2 + 2134*b + 8332. What is x(-4)?
100
Let j(q) = -11*q**2 + 729*q + 8381. What is j(-10)?
-9
Let m(h) = 276*h**2 - 71752*h - 2080. Give m(260).
0
Let m(o) = -o**3 + 63*o**2 + 810*o - 13379. Calculate m(10).
21
Let j(i) = 9161*i + 164927. Give j(-18).
29
Let q(k) = 9*k**3 - 300*k**2 + 113*k + 175. Determine q(33).
637
Let g(s) = -s**3 - 46*s**2 - 702*s - 3061. Determine g(-7).
-58
Let n(b) = 2*b**3 - 20*b**2 + 31420*b - 409481. What is n(13)?
-7
Let q(u) = u**2 - 7188*u - 173092. Determine q(-24).
-4
Let p(d) = -d**2 + 10990*d + 707497. Calculate p(-64).
41
Let x(q) = -44*q**2 - 1338*q - 8509. Give x(-9).
-31
Let y(w) = 24*w + 901. Give y(-2).
853
Let i(x) = -3*x**3 + 32*x**2 - 3*x - 98. Give